
Let f(a) = -a**2 + 29*a - 53. Determine f(27).
1
Let g(w) = -w - 11. Give g(14).
-25
Let l(k) = -6*k + 5. Give l(5).
-25
Let v(s) = -s**2 - 17. Give v(0).
-17
Let q(w) = -w**3 + 8*w**2 - 2*w + 13. Give q(8).
-3
Let g(n) = -3*n - 1. Calculate g(-3).
8
Let q(w) = -4*w + 8. Give q(3).
-4
Let c(t) = -17*t + 38. Give c(-5).
123
Let m(a) = -a**3 - 8*a**2 + 11*a + 9. Determine m(-9).
-9
Let w(l) = -l**3 + 2*l**2 + l + 7. What is w(3)?
1
Let t(k) = -k**2 + 9. Determine t(3).
0
Let n(b) = -7*b**2 + b - 2. Calculate n(2).
-28
Let t(h) = 4*h - 64. Determine t(17).
4
Let d(t) = -t**3 - 7*t**2 + 7*t + 5. Calculate d(-8).
13
Let r(w) = 3*w + 24. Give r(-6).
6
Let o(s) = -s**2 + 8*s + 3. What is o(7)?
10
Let u(k) = 2*k**3 + 15*k**2 - 6*k + 4. Determine u(-8).
-12
Let a(f) = -2*f - 50. Determine a(-24).
-2
Let f(t) = -2*t**2 - 43*t + 78. Give f(-23).
9
Let j(h) = 3*h. What is j(-3)?
-9
Let l(o) = o**3 - 5*o**2 + 2*o + 15. Determine l(3).
3
Let c(v) = -v**3 - 30*v**2 - v - 38. Calculate c(-30).
-8
Let m(x) = x**2 + 3*x - 17. Calculate m(0).
-17
Let j(b) = 40*b + 280. Determine j(-7).
0
Let f(o) = 6*o - 97. Determine f(15).
-7
Let f(h) = -2*h**2 - 5*h - 6. Determine f(-3).
-9
Let y(n) = -24*n + 78. Give y(3).
6
Let v(g) = 2*g**3 + 15*g**2 + 22*g + 6. What is v(-4)?
30
Let s(c) = -c**2 - 5*c - 3. Give s(4).
-39
Let m(g) = -18*g**2 - 6*g - 7. Determine m(-2).
-67
Let m(c) = -c**3 + 13*c**2 - 14*c + 8. Calculate m(12).
-16
Let v(c) = 3*c + 44. Calculate v(-14).
2
Let i(y) = -y**2 + 6*y + 12. Give i(8).
-4
Let l(j) = -j**2 + 199*j + 601. Determine l(-3).
-5
Let w(y) = 3*y + 20. Determine w(-11).
-13
Let g(y) = 24*y**2 + 8*y + 9. Determine g(-2).
89
Let m(o) = o**2 - 20*o - 126. Determine m(25).
-1
Let r(u) = 18*u + 6. Determine r(1).
24
Let o(m) = m**2 - 15*m - 2. Calculate o(12).
-38
Let d(y) = -y**2 - 6*y + 1. Determine d(-5).
6
Let y(f) = f**3 + 9*f**2 + 15*f + 10. Calculate y(-7).
3
Let j(c) = -7*c + 235. What is j(35)?
-10
Let x(v) = 4*v - 96. Calculate x(22).
-8
Let f(l) = -7*l**2 + 12*l. Calculate f(2).
-4
Let u(w) = 10*w**3 + w**2 - w - 1. Calculate u(-1).
-9
Let k(b) = -b**2 + 13*b + 8. Calculate k(14).
-6
Let z(k) = -k**3 + 35*k**2 + 36*k - 7. What is z(36)?
-7
Let w(z) = 43*z - 2. What is w(-1)?
-45
Let x(o) = -o**2 - 4*o + 1. Determine x(-4).
1
Let w(g) = g**2 - 6*g - 10. What is w(8)?
6
Let a(n) = 3*n - 4. What is a(-2)?
-10
Let p(m) = -3*m + 32. Determine p(10).
2
Let w(c) = 8*c - 28. Give w(-3).
-52
Let x(q) = -q**2 - 6*q - 5. Calculate x(-2).
3
Let k(x) = -7*x + 19. Give k(-10).
89
Let j(b) = b + 8. Give j(-5).
3
Let k(c) = -c**3 + 2*c + 18. Give k(0).
18
Let g(s) = s**3 + 5*s**2 + 5*s + 11. Calculate g(-4).
7
Let w(m) = -42*m. Give w(-1).
42
Let n(x) = -2*x + 17. Determine n(4).
9
Let u(r) = 2*r - 5. Give u(6).
7
Let w(s) = -s**2 - 14*s - 4. Determine w(-13).
9
Let t(l) = -9*l**3 + 2*l**2 - 4*l + 3. What is t(1)?
-8
Let w(z) = -z**2 + 28*z - 41. Calculate w(26).
11
Let f(p) = 8*p + 329. Determine f(-42).
-7
Let o(f) = 2*f**2 + 2*f + 8. What is o(-2)?
12
Let f(p) = -p**2 + 8*p - 10. What is f(6)?
2
Let d(m) = 2*m**2 + 16*m - 93. What is d(-12)?
3
Let r(o) = -o**3 - o - 4. Determine r(0).
-4
Let w(r) = -r - 14. Calculate w(10).
-24
Let o(b) = b**3 + 30*b**2 - 60*b + 139. What is o(-32)?
11
Let w(c) = c**2 - 12*c + 19. Determine w(11).
8
Let m(j) = j**2 + 16*j + 17. Determine m(-14).
-11
Let z(v) = -v**3 + 2*v**2 - v + 8. Calculate z(3).
-4
Let d(c) = c**2 + 10*c + 9. Calculate d(-9).
0
Let h(m) = -m**3 - 10*m**2 - 9*m - 7. Determine h(-9).
-7
Let h(j) = -j**2 + 16*j - 44. Determine h(13).
-5
Let z(c) = -c**2 + 4*c + 13. What is z(9)?
-32
Let d(a) = a**3 + 9*a**2 - 4*a + 13. What is d(-9)?
49
Let u(x) = -5*x + 2. Determine u(-2).
12
Let d(p) = 25*p**2 + 2*p - 3. What is d(1)?
24
Let k(b) = b**3 + 7*b**2 - 16. Give k(-7).
-16
Let i(n) = 2*n + 31. Give i(-18).
-5
Let p(c) = 5*c - 92. Give p(21).
13
Let g(u) = u**3 - 2*u**2 - 2*u + 10. Determine g(2).
6
Let z(k) = 86*k. Calculate z(1).
86
Let k(b) = 4*b**2 - 6*b + 34. What is k(5)?
104
Let n(z) = -z**3 + 3*z**2 + 5*z + 11. Determine n(5).
-14
Let g(h) = 2*h**2 - 10*h - 22. What is g(6)?
-10
Let t(s) = -s**2 - 8*s + 2. Determine t(-5).
17
Let h(n) = n - 29. Determine h(23).
-6
Let i(o) = -o**2 - 8*o + 7. What is i(-8)?
7
Let p(z) = -3*z - 23. Give p(-26).
55
Let k(j) = -j**2 - 23*j + 49. What is k(-25)?
-1
Let j(w) = -9*w - 23. Give j(-16).
121
Let u(g) = g**3 - 12*g**2 + 16*g - 57. Give u(11).
-2
Let o(x) = 5*x + 3. What is o(-8)?
-37
Let w(d) = d**2 + 14*d + 5. Determine w(-13).
-8
Let d(a) = -2*a - 3. Calculate d(-8).
13
Let n(l) = -l**2 - 36*l + 22. Give n(-36).
22
Let r(h) = 7*h - 69. Calculate r(20).
71
Let t(i) = 2*i**3 + 28*i**2 - 4. What is t(-14)?
-4
Let v(d) = -7*d + 52. What is v(5)?
17
Let l(m) = -m**3 + 4*m**2 + 2*m - 4. Give l(5).
-19
Let b(m) = m**2 - 23*m - 165. Give b(-6).
9
Let p(s) = -25*s - 65. What is p(-3)?
10
Let t(p) = p**3 - p**2 - 7*p + 11. Calculate t(0).
11
Let g(u) = 4*u**3 + 4*u**2 + u - 2. What is g(-2)?
-20
Let h(l) = -20*l - 9. Determine h(-5).
91
Let i(s) = -s**2 + 2*s + 76. What is i(0)?
76
Let r(j) = -j + 5. What is r(-1)?
6
Let n(q) = -q**2 + 24*q - 7. Give n(14).
133
Let y(c) = 6*c - 3. Calculate y(-6).
-39
Let l(w) = -w**3 - 26*w**2 + 7*w + 172. Determine l(-26).
-10
Let k(w) = -w**2 - 2*w - 17. What is k(-5)?
-32
Let z(g) = -g**3 + 11*g**2 + 12*g - 18. Determine z(12).
-18
Let a(u) = 5*u**2 - 7*u + 3. What is a(4)?
55
Let q(t) = -17*t + 79. Give q(5).
-6
Let d(h) = -3*h + 6. Calculate d(4).
-6
Let m(y) = -y**3 + 2*y**2 + 9*y - 2. Calculate m(4).
2
Let c(k) = -5*k**2 - 5*k - 8. Determine c(-4).
-68
Let r(u) = 6*u - 24. Calculate r(6).
12
Let o(h) = -5*h - 13. What is o(-11)?
42
Let q(b) = b**3 + 11*b**2 - 12*b - 5. Determine q(-12).
-5
Let g(u) = 5*u**2 - u + 10. Calculate g(-3).
58
Let h(p) = p**2 + 2*p + 8. Determine h(-5).
23
Let x(q) = q**3 + 14*q**2 - 15*q + 6. Calculate x(-15).
6
Let i(p) = -2*p**3 - 117*p**2 + 60*p + 65. Calculate i(-59).
6
Let x(h) = h**3 - 39*h**2 + 36*h + 80. Determine x(38).
4
Let q(v) = 2*v**3 - 11*v**2 - 6*v - 4. Determine q(6).
-4
Let c(u) = -u**3 - 10*u**2 - 6*u - 7. Give c(-9).
-34
Let v(r) = r**2 + 5*r + 4. Give v(-6).
10
Let s(x) = -2*x**2 - 33*x - 10. Determine s(-18).
-64
Let r(t) = 2*t. What is r(-15)?
-30
Let d(k) = -5*k + 15. Give d(3).
0
Let x(q) = 11*q + 2. Calculate x(2).
24
Let w(t) = 185*t + 552. Determine w(-3).
-3
Let o(l) = 2*l**3 + 14*l**2 + 12*l + 12. What is o(-7)?
-72
Let c(h) = -h**3 - 8*h**2 + 10*h + 18. Give c(-8).
-62
Let d(f) = -f**3 + 13*f**2 - 14*f + 3. Calculate d(12).
-21
Let f(j) = j**3 - 11*j**2 - 4*j + 54. Determine f(9).
-144
Let i(n) = 7*n + 333. What is i(-48)?
-3
Let a(k) = -2*k**3 + 37*k**2 - 6*k - 43. Calculate a(18).
173
Let m(f) = -f**3 - 12*f**2 + 28*f + 9. Determine m(-14).
9
Let p(a) = a**2 - 41*a + 4. Calculate p(41).
4
Let i(b) = 2*b**3 - b**2 + 7. Calculate i(3).
52
Let w(q) = -24*q**2 - 168*q + 10. Give w(-7).
10
Let z(p) = p**3 - 9*p**2 - 9*p - 7. Give z(10).
3
Let c(b) = b + 4. Calculate c(1).
5
Let u(g) = g**3 + 5*g**2 + 10*g + 56. What is u(-6)?
-40
Let c(a) = -22*a + 9. Determine c(-4).
97
Let b(j) = 4*j**2 + 6*j + 17. Calculate b(-3).
35
Let v(b) = 2*b**2 - 16*b - 21. Give v(9).
-3
Let k(s) = -s**3 + 5*s**2 + 8*s - 5. Calculate k(6).
7
Let w(k) = -6*k**2 + 68*k - 2. What is w(11)?
20
Let q(y) = -y**2 - 12*y + 5. Give q(-7).
40
Let p(h) = 2*h**3 + 16*h**2 - h - 17. Give p(-8).
-9
Let c(j) = 4*j - 10. Give c(5).
10
Let p(l) = -5*l**3 + 4*l**2 - 2*l - 8. Give p(2).
-36
Let s(n) = 3*n - 36. Calculate s(15).
9
Let f(s) = s + 2. Determine f(2).
4
Let q(o) = 2*o + 29. What is q(-12)?
5
Let h(i) = 9*i + 10. Calculate h(6).
64
Let i(z) = z + 11. What is i(-9)?
2
Let t(n) = -n**2 + 20*n - 39. Give t(16).
25
Let l(g) = -2*g**2 - 36*g - 50. Determine l(-15).
40
Let m(w) = w**3 + 3*w**2 + 2*w + 32. What is m(0)?
32
Let h(k) = 26*k - 8. Calculate h(-8).
-216
Let x(g) = g**3 - 12*g**2 - 12*g - 1. Give x(13).
12
Let s(u) = -9*u - 3. Calculate s(-2).
15
Let l(m) = -3*m**2 + 57*m + 5. Calculate l(19).
5
Let f(z) = -z**3 - 8*z**2 + 19*z - 11. Give f(-10).
-1
Let h(o) = -5*o**2 + 5*o - 1. Give h(1).
-1
Let p(t) = 7*t - 58. What is p(13)?
33
Let b(d) = -d**3 + 9*d**2 + 6*d - 8. What is b(9)?
46
Le